{"version":"1.0","provider_name":"Santos Ochoa Logro\u00f1o","provider_url":"https:\/\/blogs.santosochoa.es\/logrono","author_name":"Santos Ochoa Logro\u00f1o","author_url":"https:\/\/blogs.santosochoa.es\/logrono\/author\/sologrono\/","title":"Agosto Clandestino en Santos Ochoa - Santos Ochoa Logro\u00f1o","type":"rich","width":600,"height":338,"html":"<blockquote class=\"wp-embedded-content\" data-secret=\"jku3b8VV7D\"><a href=\"https:\/\/blogs.santosochoa.es\/logrono\/agosto-clandestino-en-santos-ochoa-2\/\">Agosto Clandestino en Santos Ochoa<\/a><\/blockquote><iframe sandbox=\"allow-scripts\" security=\"restricted\" src=\"https:\/\/blogs.santosochoa.es\/logrono\/agosto-clandestino-en-santos-ochoa-2\/embed\/#?secret=jku3b8VV7D\" width=\"600\" height=\"338\" title=\"\u00abAgosto Clandestino en Santos Ochoa\u00bb \u2014 Santos Ochoa Logro\u00f1o\" data-secret=\"jku3b8VV7D\" frameborder=\"0\" marginwidth=\"0\" marginheight=\"0\" scrolling=\"no\" class=\"wp-embedded-content\"><\/iframe><script type=\"text\/javascript\">\n\/* <![CDATA[ *\/\n\/*! This file is auto-generated *\/\n!function(d,l){\"use strict\";l.querySelector&&d.addEventListener&&\"undefined\"!=typeof URL&&(d.wp=d.wp||{},d.wp.receiveEmbedMessage||(d.wp.receiveEmbedMessage=function(e){var t=e.data;if((t||t.secret||t.message||t.value)&&!\/[^a-zA-Z0-9]\/.test(t.secret)){for(var s,r,n,a=l.querySelectorAll('iframe[data-secret=\"'+t.secret+'\"]'),o=l.querySelectorAll('blockquote[data-secret=\"'+t.secret+'\"]'),c=new RegExp(\"^https?:$\",\"i\"),i=0;i<o.length;i++)o[i].style.display=\"none\";for(i=0;i<a.length;i++)s=a[i],e.source===s.contentWindow&&(s.removeAttribute(\"style\"),\"height\"===t.message?(1e3<(r=parseInt(t.value,10))?r=1e3:~~r<200&&(r=200),s.height=r):\"link\"===t.message&&(r=new URL(s.getAttribute(\"src\")),n=new URL(t.value),c.test(n.protocol))&&n.host===r.host&&l.activeElement===s&&(d.top.location.href=t.value))}},d.addEventListener(\"message\",d.wp.receiveEmbedMessage,!1),l.addEventListener(\"DOMContentLoaded\",function(){for(var e,t,s=l.querySelectorAll(\"iframe.wp-embedded-content\"),r=0;r<s.length;r++)(t=(e=s[r]).getAttribute(\"data-secret\"))||(t=Math.random().toString(36).substring(2,12),e.src+=\"#?secret=\"+t,e.setAttribute(\"data-secret\",t)),e.contentWindow.postMessage({message:\"ready\",secret:t},\"*\")},!1)))}(window,document);\n\/\/# sourceURL=https:\/\/blogs.santosochoa.es\/logrono\/wp-includes\/js\/wp-embed.min.js\n\/* ]]> *\/\n<\/script>\n","thumbnail_url":"https:\/\/blogs.santosochoa.es\/logrono\/wp-content\/uploads\/sites\/2\/2018\/08\/38411916_2187246371521658_3519768700284567552_n.jpg","thumbnail_width":691,"thumbnail_height":960,"description":"Agosto ClandestinoJulio y AgostoEspacio Santos Ochoa. Nueva direcci\u00f3n: Calvo Sotelo, 19. Conversaciones, recitales, presentaciones&#8230; Ambientado con la VI Feria del Libro de Poes\u00eda y cuentacuentos de rimas para ni\u00f1os. Viernes 27 de julio, a las 19:30 h.Txisco Mandom\u00e1n y Luis Alfonso IglesiasConversaci\u00f3n, recital y presentaci\u00f3n de Poemas impuros&nbsp;y de&nbsp;Las esquinas del mundo. Mi\u00e9rcoles 8 de [&hellip;]"}

Santos Ochoa Logroño

Agosto Clandestino en Santos Ochoa - Santos Ochoa Logroño

<blockquote class="wp-embedded-content" data-secret="jku3b8VV7D"><a href="https://blogs.santosochoa.es/logrono/agosto-clandestino-en-santos-ochoa-2/">Agosto Clandestino en Santos Ochoa</a></blockquote><iframe sandbox="allow-scripts" security="restricted" src="https://blogs.santosochoa.es/logrono/agosto-clandestino-en-santos-ochoa-2/embed/#?secret=jku3b8VV7D" width="600" height="338" title="«Agosto Clandestino en Santos Ochoa» — Santos Ochoa Logroño" data-secret="jku3b8VV7D" frameborder="0" marginwidth="0" marginheight="0" scrolling="no" class="wp-embedded-content"></iframe><script type="text/javascript">
/* <![CDATA[ */
/*! This file is auto-generated */
!function(d,l){"use strict";l.querySelector&&d.addEventListener&&"undefined"!=typeof URL&&(d.wp=d.wp||{},d.wp.receiveEmbedMessage||(d.wp.receiveEmbedMessage=function(e){var t=e.data;if((t||t.secret||t.message||t.value)&&!/[^a-zA-Z0-9]/.test(t.secret)){for(var s,r,n,a=l.querySelectorAll('iframe[data-secret="'+t.secret+'"]'),o=l.querySelectorAll('blockquote[data-secret="'+t.secret+'"]'),c=new RegExp("^https?:$","i"),i=0;i<o.length;i++)o[i].style.display="none";for(i=0;i<a.length;i++)s=a[i],e.source===s.contentWindow&&(s.removeAttribute("style"),"height"===t.message?(1e3<(r=parseInt(t.value,10))?r=1e3:~~r<200&&(r=200),s.height=r):"link"===t.message&&(r=new URL(s.getAttribute("src")),n=new URL(t.value),c.test(n.protocol))&&n.host===r.host&&l.activeElement===s&&(d.top.location.href=t.value))}},d.addEventListener("message",d.wp.receiveEmbedMessage,!1),l.addEventListener("DOMContentLoaded",function(){for(var e,t,s=l.querySelectorAll("iframe.wp-embedded-content"),r=0;r<s.length;r++)(t=(e=s[r]).getAttribute("data-secret"))||(t=Math.random().toString(36).substring(2,12),e.src+="#?secret="+t,e.setAttribute("data-secret",t)),e.contentWindow.postMessage({message:"ready",secret:t},"*")},!1)))}(window,document);
//# sourceURL=https://blogs.santosochoa.es/logrono/wp-includes/js/wp-embed.min.js
/* ]]> */
</script>

Agosto ClandestinoJulio y AgostoEspacio Santos Ochoa. Nueva dirección: Calvo Sotelo, 19. Conversaciones, recitales, presentaciones&#8230; Ambientado con la VI Feria del Libro de Poesía y cuentacuentos de rimas para niños. Viernes 27 de julio, a las 19:30 h.Txisco Mandomán y Luis Alfonso IglesiasConversación, recital y presentación de Poemas impuros&nbsp;y de&nbsp;Las esquinas del mundo. Miércoles 8 de [&hellip;]
